s 122 a factor of 1961760?
True
Is 2506728 a multiple of 6?
True
Is 54 a factor of 86940?
True
Does 42 divide 268154?
False
Is 235 a factor of 930002?
False
Is 204102 a multiple of 174?
True
Is 5108 a multiple of 4?
True
Is 3562682 a multiple of 9?
False
Is 291946 a multiple of 4?
False
Is 544457 a multiple of 38?
False
Is 9065481 a multiple of 96?
False
Is 13 a factor of 89778?
True
Is 6 a factor of 78966?
True
Does 60 divide 452700?
True
Is 129 a factor of 4560489?
False
Does 183 divide 303677?
False
Is 63975 a multiple of 90?
False
Is 6327099 a multiple of 267?
True
Is 9018733 a multiple of 740?
False
Is 3 a factor of 50414?
False
Is 4931449 a multiple of 16?
False
Does 46 divide 160678?
True
Is 11 a factor of 750123?
True
Is 78661 a multiple of 6?
False
Is 1696884 a multiple of 21?
True
Is 252973 a multiple of 295?
False
Does 106 divide 513464?
True
Is 8676890 a multiple of 216?
False
Is 30711 a multiple of 93?
False
Is 2289180 a multiple of 548?
False
Is 10 a factor of 56250?
True
Is 68684 a multiple of 177?
False
Does 38 divide 24131242?
False
Is 179651 a multiple of 253?
False
Does 26 divide 233479?
False
Does 56 divide 2461967?
False
Is 257047 a multiple of 344?
False
Is 23 a factor of 198513?
True
Does 76 divide 1238572?
True
Does 29 divide 3292254?
True
Is 3413 a multiple of 2?
False
Is 141 a factor of 970253?
False
Is 1514376 a multiple of 152?
True
Is 145692 a multiple of 19?
True
Is 225263 a multiple of 43?
False
Is 132851 a multiple of 53?
False
Is 875651 a multiple of 22?
False
Does 159 divide 126057?
False
Is 354450 a multiple of 51?
True
Is 53247 a multiple of 46?
False
Does 26 divide 493556?
False
Is 44424 a multiple of 20?
False
Is 419304 a multiple of 13?
False
Is 26407 a multiple of 15?
False
Is 535 a factor of 5708985?
True
Does 224 divide 115496?
False
Is 184 a factor of 447550?
False
Does 116 divide 287110?
False
Does 341 divide 4736831?
True
Does 11 divide 885247?
True
Is 49 a factor of 862400?
True
Is 23052 a multiple of 34?
True
Is 164 a factor of 427725?
False
Does 2 divide 338240?
True
Is 28 a factor of 7106400?
True
Is 649463 a multiple of 33?
False
Is 12 a factor of 545414?
False
Does 40 divide 670778?
False
Is 12 a factor of 7973393?
False
Is 15870 a multiple of 138?
True
Is 106 a factor of 1966088?
True
Is 154607 a multiple of 3?
False
Is 19424 even?
True
Is 106514 a multiple of 38?
True
Does 16 divide 33936?
True
Is 49 a factor of 248577?
True
Is 2343777 a multiple of 489?
True
Is 804 a factor of 3117108?
True
Is 19399 a multiple of 11?
False
Does 90 divide 5973?
False
Does 31 divide 3991684?
True
Does 5 divide 433555?
True
Is 28 a factor of 5302584?
True
Is 2786000 a multiple of 80?
True
Is 488799 a multiple of 262?
False
Is 33 a factor of 448845?
False
Is 44 a factor of 3908036?
True
Does 25 divide 1868665?
False
Is 375 a factor of 612877?
False
Does 141 divide 11682273?
True
Is 2 a factor of 81641?
False
Is 80 a factor of 139827?
False
Is 758 a factor of 1139274?
True
Is 2444843 a multiple of 107?
True
Is 251090 a multiple of 211?
True
Is 8 a factor of 366840?
True
Does 444 divide 556238?
False
Does 113 divide 469791?
False
Is 855414 a multiple of 63?
True
Is 117 a factor of 5895162?
True
Does 223 divide 1242188?
False
Does 6 divide 24925?
False
Does 672 divide 75111?
False
Is 114 a factor of 166261?
False
Does 3 divide 90652?
False
Is 15 a factor of 47884?
False
Is 281 a factor of 1230055?
False
Does 35 divide 130132?
False
Does 215 divide 868730?
False
Is 19645 a multiple of 58?
False
Does 26 divide 1293026?
False
Is 252159 a multiple of 43?
False
Is 48 a factor of 2193523?
False
Is 75 a factor of 158400?
True
Is 7456941 a multiple of 159?
True
Is 221 a factor of 168206?
False
Is 196 a factor of 463569?
False
Is 1197735 a multiple of 357?
True
Is 494 a factor of 195624?
True
Is 19400 even?
True
Does 160 divide 5476640?
True
Does 14 divide 406175?
False
Does 2 divide 707432?
True
Is 76 a factor of 21718842?
False
Does 710 divide 12122540?
True
Is 328 a factor of 1133568?
True
Does 94 divide 31960?
True
Is 43 a factor of 198506?
False
Is 1196737 even?
False
Is 188001 a multiple of 33?
True
Is 1304465 a multiple of 118?
False
Is 1804392 a multiple of 171?
True
Is 13 a factor of 8337840?
False
Is 18880176 a multiple of 456?
False
Is 397 a factor of 1771020?
False
Is 334 a factor of 1607506?
False
Is 3 a factor of 294313?
False
Is 11 a factor of 317303?
False
Is 39 a factor of 8580429?
True
Is 1184901 a multiple of 5?
False
Does 18 divide 792108?
True
Is 270 a factor of 179280?
True
Is 66048 a multiple of 16?
True
Is 177435 a multiple of 9?
True
Does 36 divide 2262780?
True
Is 166240 a multiple of 20?
True
Is 56 a factor of 174370?
False
Is 126 a factor of 62748?
True
Is 340768 a multiple of 34?
False
Is 79 a factor of 435132?
True
Is 101 a factor of 8989?
True
Is 270674 a multiple of 41?
False
Does 16 divide 1053272?
False
Is 85 a factor of 223380?
True
Is 48 a factor of 3301920?
True
Is 654453 a multiple of 58?
False
Is 6000060 a multiple of 55?
True
Is 203760 a multiple of 240?
True
Is 9 a factor of 153387?
True
Is 81456 a multiple of 286?
False
Is 1255707 a multiple of 9?
True
Does 3 divide 56154?
True
Does 13 divide 462852?
True
Is 433702 a multiple of 268?
False
Is 317439 a multiple of 81?
True
Is 1938331 a multiple of 89?
True
Is 89 a factor of 410472?
False
Is 2441769 a multiple of 843?
False
Does 4 divide 10928?
True
Is 2356016 a multiple of 241?
True
Does 32 divide 338497?
False
Is 71 a factor of 13777114?
False
Does 21 divide 105771?
False
Does 7 divide 2478507?
False
Is 335546 a multiple of 295?
False
Does 65 divide 289575?
True
Is 926 a factor of 140757?
False
Does 78 divide 2137031?
False
Is 559 a factor of 387387?
True
Is 317 a factor of 852019?
False
Is 3548636 a multiple of 91?
True
Is 742128 a multiple of 24?
True
Does 301 divide 2128672?
True
Does 212 divide 681368?
True
Is 622098 a multiple of 642?
True
Does 27 divide 1144881?
True
Is 19 a factor of 247898?
False
Is 54 a factor of 108864?
True
Does 146 divide 107164?
True
Is 41 a factor of 6773405?
True
Is 9 a factor of 1486917?
True
Is 376166 a multiple of 194?
True
Does 47 divide 2003945?
False
Does 14 divide 260036?
True
Does 59 divide 852078?
True
Does 20 divide 16760?
True
Is 1698896 a multiple of 107?
False
Is 1136214 a multiple of 43?
False
Is 2842606 a multiple of 692?
False
Is 68 a factor of 35627988?
True
Is 294 a factor of 1394?
False
Is 418 a factor of 26190208?
True
Is 4 a factor of 12348?
True
Is 390 a factor of 127213?
False
Does 755 divide 24919530?
True
Is 33 a factor of 37581?
False
Is 56689 a multiple of 38?
False
Is 4480417 a multiple of 14?
False
Is 363147 a multiple of 69?
True
Does 436 divide 3943620?
True
Does 89 divide 538539?
True
Does 157 divide 7225454?
True
Is 59127 a multiple of 2?
False
Is 1149900 a multiple of 25?
True
Is 265 a factor of 1014665?
False
Is 22 a factor of 5125692?
True
Is 898560 a multiple of 432?
True
Is 15 a factor of 738407?
False
Does 27 divide 6844?
False
Is 21795046 a multiple of 159?
False
Is 5669466 a multiple of 978?
True
Is 13688380 a multiple of 10?
True
Does 583 divide 181896?
True
Is 146864 a multiple of 33?
False
Is 243 a factor of 1221804?
True
Does 12 divide 17186940?
True
Is 41 a factor of 5723887?
True
Does 206 divide 1364338?
True
Is 20048258 a multiple of 31?
True
Does 11 divide 570075?
True
Is 14 a factor of 1811770?
False
Does 54 divide 333126?
True
Is 1350 a factor of 3919775?
False
Is 1786491 a multiple of 14?
False
Does 7 divide 4284665?
True
Does 428 divide 261029?
False
Is 54 a factor of 3011267?
False
Does 27 divide 198585?
True
Is 20 a factor of 335640?
True
Is 124 a factor of 1201354?
False
Is 850284 a multiple of 597?
False
Is 80 a factor of 299360?
True
Is 10 a factor of 462407?
False
Is 5673395 a multiple of 54?
False
Is 293439 a multiple of 7?
False
Is 230 a factor of 667461?
False
Is 958104 a multiple of 18?
True
Is 82272 a multiple of 10?
False
Is 17 a factor of 2843522?
True
Is 6452082 a multiple of 91?
True
Is 2097788 a multiple of 44?
True
Is 3 a factor of 33974?
False
Is 253 a factor of 164136?
False
Is 1102574 a multiple of 143?
False
Is 67 a factor of 2664456?
True
Is 31 a factor of 13755?
False
Is 107 a factor of 1605?
True
Does 29 divide 2286070?